{"id":2578,"date":"2022-11-27T06:58:34","date_gmt":"2022-11-27T05:58:34","guid":{"rendered":"https:\/\/www.citytrafik.nu\/cityWP\/?page_id=2578"},"modified":"2022-12-09T10:27:57","modified_gmt":"2022-12-09T09:27:57","slug":"education","status":"publish","type":"page","link":"https:\/\/www.citytrafik.nu\/cityWP\/education\/","title":{"rendered":"Utbildningar"},"content":{"rendered":"\t\t<div data-elementor-type=\"wp-page\" data-elementor-id=\"2578\" class=\"elementor elementor-2578\">\n\t\t\t\t\t\t<section class=\"elementor-section elementor-top-section elementor-element elementor-element-1d1cf45 elementor-section-boxed elementor-section-height-default elementor-section-height-default\" data-id=\"1d1cf45\" data-element_type=\"section\" data-e-type=\"section\">\n\t\t\t\t\t\t<div class=\"elementor-container elementor-column-gap-default\">\n\t\t\t\t\t<div class=\"elementor-column elementor-col-50 elementor-top-column elementor-element elementor-element-d28cc9f\" data-id=\"d28cc9f\" data-element_type=\"column\" data-e-type=\"column\">\n\t\t\t<div class=\"elementor-widget-wrap elementor-element-populated\">\n\t\t\t\t\t\t<div class=\"elementor-element elementor-element-5afc14c elementor-widget elementor-widget-text-editor\" data-id=\"5afc14c\" data-element_type=\"widget\" data-e-type=\"widget\" data-widget_type=\"text-editor.default\">\n\t\t\t\t<div class=\"elementor-widget-container\">\n\t\t\t\t\t\t\t\t\t<p>V\u00e4lkommen att ta ditt k\u00f6rkort hos oss p\u00e5 City trafikskola. Hos oss \u00e4r du en viktig person!<\/p>\t\t\t\t\t\t\t\t<\/div>\n\t\t\t\t<\/div>\n\t\t\t\t<div class=\"elementor-element elementor-element-536d055 elementor-widget elementor-widget-image\" data-id=\"536d055\" data-element_type=\"widget\" data-e-type=\"widget\" data-widget_type=\"image.default\">\n\t\t\t\t<div class=\"elementor-widget-container\">\n\t\t\t\t\t\t\t\t\t\t\t\t\t\t\t<img fetchpriority=\"high\" decoding=\"async\" width=\"640\" height=\"323\" src=\"https:\/\/www.citytrafik.nu\/cityWP\/wp-content\/uploads\/2022\/11\/utbildning-kopia-768x387.jpg\" class=\"attachment-medium_large size-medium_large wp-image-2710\" alt=\"\" srcset=\"https:\/\/www.citytrafik.nu\/cityWP\/wp-content\/uploads\/2022\/11\/utbildning-kopia-768x387.jpg 768w, https:\/\/www.citytrafik.nu\/cityWP\/wp-content\/uploads\/2022\/11\/utbildning-kopia-300x151.jpg 300w, https:\/\/www.citytrafik.nu\/cityWP\/wp-content\/uploads\/2022\/11\/utbildning-kopia-1024x516.jpg 1024w, https:\/\/www.citytrafik.nu\/cityWP\/wp-content\/uploads\/2022\/11\/utbildning-kopia-1536x773.jpg 1536w, https:\/\/www.citytrafik.nu\/cityWP\/wp-content\/uploads\/2022\/11\/utbildning-kopia.jpg 2002w\" sizes=\"(max-width: 640px) 100vw, 640px\" \/>\t\t\t\t\t\t\t\t\t\t\t\t\t\t\t<\/div>\n\t\t\t\t<\/div>\n\t\t\t\t<div class=\"elementor-element elementor-element-9244f7e elementor-widget elementor-widget-heading\" data-id=\"9244f7e\" data-element_type=\"widget\" data-e-type=\"widget\" data-widget_type=\"heading.default\">\n\t\t\t\t<div class=\"elementor-widget-container\">\n\t\t\t\t\t<h3 class=\"elementor-heading-title elementor-size-default\">K\u00f6rkortstillst\u00e5nd<\/h3>\t\t\t\t<\/div>\n\t\t\t\t<\/div>\n\t\t\t\t<div class=\"elementor-element elementor-element-2ef41ffb elementor-widget elementor-widget-text-editor\" data-id=\"2ef41ffb\" data-element_type=\"widget\" data-e-type=\"widget\" data-widget_type=\"text-editor.default\">\n\t\t\t\t<div class=\"elementor-widget-container\">\n\t\t\t\t\t\t\t\t\t<p>F\u00f6r att f\u00e5 b\u00f6rja \u00f6vningsk\u00f6ra och p\u00e5b\u00f6rja din utbildning m\u00e5ste du f\u00f6rst ans\u00f6ka om k\u00f6rkortstillst\u00e5nd. F\u00f6r att s\u00f6ka m\u00e5ste du fylla i n\u00e5gra formul\u00e4r:\u00a0<strong>Ans\u00f6kan om K\u00f6rkortstillst\u00e5nd<\/strong>\u00a0och\u00a0<strong>H\u00e4lsodeklaration\u00a0<\/strong>med intyg om synpr\u00f6vning, vilket \u00e4r gratis hos oss p\u00e5 City.\u00a0Om du\u00a0beh\u00f6ver\u00a0glas\u00f6gon eller linser gl\u00f6m d\u00e5 inte ta med dig glas\u00f6gonen. Om du anv\u00e4nder linser s\u00e5 m\u00e5ste dom varit utplockade 15min f\u00f6re testet.<\/p><p>D\u00e4r efter skickar du in din ans\u00f6kan till Transportstyrelsen tillsammans med en h\u00e4lsodeklaration. Transportstyrelsen behandlar din ans\u00f6kan n\u00e4r du betalat in avgiften f\u00f6r k\u00f6rkortstillst\u00e5nd.\u00a0<a href=\"https:\/\/transportstyrelsen.se\/sv\/vagtrafik\/e-tjanster-och-blanketter\/\" target=\"_blank\" rel=\"noopener\">Blankett hittar du h\u00e4r<\/a>.<\/p><p><strong>OBS OBS<\/strong><strong>\u00a0Om du g\u00f6r en \u00f6gon operation efter du f\u00e5tt kk-tillst\u00e5nd m\u00e5ste detta anm\u00e4las till Transportstyrelsen innan uppk\u00f6rning annars blir det inget prov.<\/strong><\/p>\t\t\t\t\t\t\t\t<\/div>\n\t\t\t\t<\/div>\n\t\t\t\t<div class=\"elementor-element elementor-element-292c58b elementor-widget elementor-widget-heading\" data-id=\"292c58b\" data-element_type=\"widget\" data-e-type=\"widget\" data-widget_type=\"heading.default\">\n\t\t\t\t<div class=\"elementor-widget-container\">\n\t\t\t\t\t<h5 class=\"elementor-heading-title elementor-size-default\">\u00d6vningsk\u00f6rning och handledarutbildning<\/h5>\t\t\t\t<\/div>\n\t\t\t\t<\/div>\n\t\t\t\t<div class=\"elementor-element elementor-element-14e1432 elementor-widget elementor-widget-text-editor\" data-id=\"14e1432\" data-element_type=\"widget\" data-e-type=\"widget\" data-widget_type=\"text-editor.default\">\n\t\t\t\t<div class=\"elementor-widget-container\">\n\t\t\t\t\t\t\t\t\t<p>Om du t\u00e4nker \u00f6vningsk\u00f6ra privat m\u00e5ste du numera enligt lag g\u00e5 en handledarutbildning.Handledare och\u00a0elev beh\u00f6ver inte g\u00e5 utbildningen vid samma kurstillf\u00e4lle, men b\u00e5da b\u00e5ste ha g\u00e5tt den.\u00a0<a href=\"http:\/\/www.citytrafik.nu\/index.php?page=boka\">L\u00e4s mer och boka tid h\u00e4r<\/a><\/p>\t\t\t\t\t\t\t\t<\/div>\n\t\t\t\t<\/div>\n\t\t\t\t<div class=\"elementor-element elementor-element-4d502eb elementor-widget elementor-widget-image\" data-id=\"4d502eb\" data-element_type=\"widget\" data-e-type=\"widget\" data-widget_type=\"image.default\">\n\t\t\t\t<div class=\"elementor-widget-container\">\n\t\t\t\t\t\t\t\t\t\t\t\t\t\t\t<img decoding=\"async\" width=\"250\" height=\"142\" src=\"https:\/\/www.citytrafik.nu\/cityWP\/wp-content\/uploads\/2022\/11\/2009-10-18-263.jpg\" class=\"attachment-large size-large wp-image-2770\" alt=\"\" \/>\t\t\t\t\t\t\t\t\t\t\t\t\t\t\t<\/div>\n\t\t\t\t<\/div>\n\t\t\t\t<div class=\"elementor-element elementor-element-51435b2 elementor-widget elementor-widget-heading\" data-id=\"51435b2\" data-element_type=\"widget\" data-e-type=\"widget\" data-widget_type=\"heading.default\">\n\t\t\t\t<div class=\"elementor-widget-container\">\n\t\t\t\t\t<h4 class=\"elementor-heading-title elementor-size-default\">Teori<\/h4>\t\t\t\t<\/div>\n\t\t\t\t<\/div>\n\t\t\t\t<div class=\"elementor-element elementor-element-a05905b elementor-widget elementor-widget-text-editor\" data-id=\"a05905b\" data-element_type=\"widget\" data-e-type=\"widget\" data-widget_type=\"text-editor.default\">\n\t\t\t\t<div class=\"elementor-widget-container\">\n\t\t\t\t\t\t\t\t\t<p>N\u00e4r du betalat teoriavgift eller ett startpaket f\u00e5r du dina b\u00f6cker och kan b\u00f6rja med teorin. Du b\u00f6rjar med att g\u00e5 p\u00e5 teorilektioner parallellt som du g\u00f6r skolans dataprov. Dataproven best\u00e5r av en plugga del, snabbtest, anpassat test och sluttest.<br \/><br \/>Du har \u00e4ven m\u00f6jlighet att arbeta med din teori p\u00e5 distans. Vi s\u00e4ljer prov via elevcentralen s\u00e5 du kan jobba hemma\u00a0 i lugn och ro.<\/p>\t\t\t\t\t\t\t\t<\/div>\n\t\t\t\t<\/div>\n\t\t\t\t<div class=\"elementor-element elementor-element-856fabe elementor-widget elementor-widget-heading\" data-id=\"856fabe\" data-element_type=\"widget\" data-e-type=\"widget\" data-widget_type=\"heading.default\">\n\t\t\t\t<div class=\"elementor-widget-container\">\n\t\t\t\t\t<h4 class=\"elementor-heading-title elementor-size-default\">K\u00f6rutbildning<\/h4>\t\t\t\t<\/div>\n\t\t\t\t<\/div>\n\t\t\t\t<div class=\"elementor-element elementor-element-6ff6007 elementor-widget elementor-widget-text-editor\" data-id=\"6ff6007\" data-element_type=\"widget\" data-e-type=\"widget\" data-widget_type=\"text-editor.default\">\n\t\t\t\t<div class=\"elementor-widget-container\">\n\t\t\t\t\t\t\t\t\t<p>Parallellt med teorin tar du dina k\u00f6rlektioner. Din handledare vid privat \u00f6vningsk\u00f6rning \u00e4r v\u00e4lkommen att f\u00f6lja med i bilen under lektionerna!<\/p>\t\t\t\t\t\t\t\t<\/div>\n\t\t\t\t<\/div>\n\t\t\t\t<div class=\"elementor-element elementor-element-2dad286 elementor-widget elementor-widget-heading\" data-id=\"2dad286\" data-element_type=\"widget\" data-e-type=\"widget\" data-widget_type=\"heading.default\">\n\t\t\t\t<div class=\"elementor-widget-container\">\n\t\t\t\t\t<h4 class=\"elementor-heading-title elementor-size-default\">M\u00f6rkerk\u00f6rning\n<\/h4>\t\t\t\t<\/div>\n\t\t\t\t<\/div>\n\t\t\t\t<div class=\"elementor-element elementor-element-128b713 elementor-widget elementor-widget-text-editor\" data-id=\"128b713\" data-element_type=\"widget\" data-e-type=\"widget\" data-widget_type=\"text-editor.default\">\n\t\t\t\t<div class=\"elementor-widget-container\">\n\t\t\t\t\t\t\t\t\t<p>Om du ska k\u00f6ra upp under perioden november-februari erbjuder vi m\u00f6rkerk\u00f6rning\/m\u00f6rkerdemonstration.<\/p>\t\t\t\t\t\t\t\t<\/div>\n\t\t\t\t<\/div>\n\t\t\t\t<div class=\"elementor-element elementor-element-bef8266 elementor-widget elementor-widget-text-editor\" data-id=\"bef8266\" data-element_type=\"widget\" data-e-type=\"widget\" data-widget_type=\"text-editor.default\">\n\t\t\t\t<div class=\"elementor-widget-container\">\n\t\t\t\t\t\t\t\t\t<h3>Riskutbildning 1 och 2<\/h3><p>L\u00e4raren bokar tid till riskutbildning 1 (alkohol, \u00f6vriga droger, tr\u00f6tthet och riskfyllda beteenden) och riskutbildning 2 (halkbana inklusive hastighet, s\u00e4kerhet och k\u00f6rning under s\u00e4rskilda f\u00f6rh\u00e5llanden) n\u00e4r du kommit fram till moment 14 i din utbildningsplan.<\/p><p>Riskutbildning 1 sker p\u00e5 City trafikskola och riskutbildning 2 sker p\u00e5 Kristinehedsbanan. Transport dit och tillbaka ing\u00e5r i priset.<\/p><p>B\u00e5de del 1 och 2 m\u00e5ste vara genomf\u00f6rda och godk\u00e4nda innan uppskrivning och uppk\u00f6rning genomf\u00f6rs. En godk\u00e4nd riskutbildning \u00e4r giltig i 5 \u00e5r eller tills du f\u00e5r k\u00f6rkort.\u00a0<\/p><h3>Uppskrivning och uppk\u00f6rning<\/h3><p>Uppskrivning och uppk\u00f6rning bokas med max 14 dagars mellanrum enligt Trafikverkets regler. V\u00e5r ambition \u00e4r att det inte ska g\u00e5 mer \u00e4n en vecka mellan de b\u00e5da proven. Skulle n\u00e5got av proven underk\u00e4nnas har du upp till tv\u00e5 m\u00e5nader p\u00e5 dig att g\u00f6ra ett omprov (tiden b\u00f6rjar ticka den dagen du genomf\u00f6r ditt teoriprov).<\/p><p>Trafikverket garanterar att alla ska f\u00e5 m\u00f6jlighet till ett omprov inom tv\u00e5 m\u00e5nader.<\/p><p>Skulle inte b\u00e5da proven vara godk\u00e4nda inom denna tid m\u00e5ste b\u00e5da proven g\u00f6ras om, oavsett om ett av proven blivit godk\u00e4nt tidigare.<\/p><p><strong>Gl\u00f6m inte att ta med dig giltig legitimation!<\/strong><\/p>\t\t\t\t\t\t\t\t<\/div>\n\t\t\t\t<\/div>\n\t\t\t\t<div class=\"elementor-element elementor-element-7cc8fd0 elementor-widget elementor-widget-image\" data-id=\"7cc8fd0\" data-element_type=\"widget\" data-e-type=\"widget\" data-widget_type=\"image.default\">\n\t\t\t\t<div class=\"elementor-widget-container\">\n\t\t\t\t\t\t\t\t\t\t\t\t\t\t\t<img decoding=\"async\" width=\"300\" height=\"211\" src=\"https:\/\/www.citytrafik.nu\/cityWP\/wp-content\/uploads\/2022\/11\/under-utbildning-300x211.jpg\" class=\"attachment-medium size-medium wp-image-2775\" alt=\"\" srcset=\"https:\/\/www.citytrafik.nu\/cityWP\/wp-content\/uploads\/2022\/11\/under-utbildning-300x211.jpg 300w, https:\/\/www.citytrafik.nu\/cityWP\/wp-content\/uploads\/2022\/11\/under-utbildning-768x540.jpg 768w, https:\/\/www.citytrafik.nu\/cityWP\/wp-content\/uploads\/2022\/11\/under-utbildning.jpg 927w\" sizes=\"(max-width: 300px) 100vw, 300px\" \/>\t\t\t\t\t\t\t\t\t\t\t\t\t\t\t<\/div>\n\t\t\t\t<\/div>\n\t\t\t\t\t<\/div>\n\t\t<\/div>\n\t\t\t\t<div class=\"elementor-column elementor-col-50 elementor-top-column elementor-element elementor-element-4898970\" data-id=\"4898970\" data-element_type=\"column\" data-e-type=\"column\">\n\t\t\t<div class=\"elementor-widget-wrap elementor-element-populated\">\n\t\t\t\t\t\t<div class=\"elementor-element elementor-element-bdf1954 elementor-widget elementor-widget-sidebar\" data-id=\"bdf1954\" data-element_type=\"widget\" data-e-type=\"widget\" data-widget_type=\"sidebar.default\">\n\t\t\t\t<div class=\"elementor-widget-container\">\n\t\t\t\t\t<div class=\"widget_text tt-block-aside widget\" id=\"text-22\">\t\t\t<div class=\"textwidget\"><p><a href=\"http:\/\/www.citytrafik.nu\/index.php?page=hboka\"><img decoding=\"async\" src=\"http:\/\/www.citytrafik.nu\/Handledarkurser_s.png\" \/><\/a><\/p>\n<table border=\"0\" cellpadding=\"3\">\n<tbody>\n<tr>\n<td><strong><a href=\"http:\/\/www.citytrafik.nu\/index.php?page=hboka\">\u00c4ngelholm<\/a><\/strong><\/td>\n<td><\/td>\n<\/tr>\n<tr>\n<td>Datum<\/td>\n<td>Tid<\/td>\n<\/tr>\n<tr>\n<td nowrap=\"nowrap\">2023-01-16<\/td>\n<td nowrap=\"nowrap\">17:00-20:30<\/td>\n<\/tr>\n<tr>\n<td nowrap=\"nowrap\">2023-01-30<\/td>\n<td nowrap=\"nowrap\">17:00-20:30<\/td>\n<\/tr>\n<tr>\n<td nowrap=\"nowrap\"><\/td>\n<td nowrap=\"nowrap\"><b><a href=\"http:\/\/www.citytrafik.nu\/index.php?page=hboka\">boka h\u00e4r! \u00bb<\/a><\/b><\/td>\n<\/tr>\n<\/tbody>\n<\/table>\n<table border=\"0\" cellpadding=\"3\">\n<tbody>\n<tr>\n<td><strong><a href=\"http:\/\/www.citytrafik.nu\/index.php?page=ohboka\">\u00d6rkelljunga<\/a><\/strong><\/td>\n<td><\/td>\n<\/tr>\n<tr>\n<td>Datum<\/td>\n<td>Tid<\/td>\n<\/tr>\n<tr>\n<td nowrap=\"nowrap\"><\/td>\n<td nowrap=\"nowrap\"><b><a href=\"http:\/\/www.citytrafik.nu\/index.php?page=ohboka\">boka h\u00e4r! \u00bb<\/a><\/b><\/td>\n<\/tr>\n<\/tbody>\n<\/table>\n<\/div>\n\t\t<\/div><div class=\"widget_text tt-block-aside widget\" id=\"text-23\">\t\t\t<div class=\"textwidget\"><h3 class=\"widget-title\">Boka Risk 1:an<\/h3>\n<table border=\"0\" cellpadding=\"3\">\n<tbody>\n<tr>\n<td><strong><a href=\"http:\/\/www.citytrafik.nu\/index.php?page=risk1bilboka\">\u00c4ngelholm<\/a><\/strong><\/td>\n<td><\/td>\n<\/tr>\n<tr>\n<td nowrap=\"nowrap\">2022-12-16<\/td>\n<td nowrap=\"nowrap\">09:00-12:30<\/td>\n<\/tr>\n<tr>\n<td nowrap=\"nowrap\">2023-01-13<\/td>\n<td nowrap=\"nowrap\">09:00-12:30<\/td>\n<\/tr>\n<tr>\n<td nowrap=\"nowrap\"><\/td>\n<td nowrap=\"nowrap\"><b><a href=\"http:\/\/www.citytrafik.nu\/index.php?page=risk1bilboka\">boka h\u00e4r!\u00bb<\/a><\/b><\/td>\n<\/tr>\n<\/tbody>\n<\/table>\n<p>&nbsp;<\/p>\n<\/div>\n\t\t<\/div><div class=\"widget_text tt-block-aside widget\" id=\"text-25\">\t\t\t<div class=\"textwidget\"><h3 class=\"widget-title\">Elevcentralen<\/h3>\n<p>Sv\u00e5rt att passa in trafikskolans \u00f6ppettider?<br \/>\n<strong>Nu kan du g\u00f6ra STRs teoritester hemma!<\/strong><\/p>\n<p><a href=\"http:\/\/www.elevcentralen.se\/\" target=\"_blank\" rel=\"noopener\"><strong>G\u00e5 till Elevcentralen \u00bb<\/strong><\/a><\/p>\n<\/div>\n\t\t<\/div><div class=\"widget_text tt-block-aside widget\" id=\"text-26\">\t\t\t<div class=\"textwidget\"><h3 class=\"widget-title\">Viktig information<\/h3>\n<p><strong>Avbokning av k\u00f6rlektion ska ske via personlig kontakt under v\u00e5ra \u00f6ppettider.<\/strong><\/p>\n<p>Avbokning skall ske senast arbetsdagen innan och f\u00f6re kl. 14,00 f\u00f6r att slippa debitering.<\/p>\n<p>Avbokning samma dag pga sjukdom skall den kunna styrkas av l\u00e4rare, arbetsgivare eller v\u00e5rdcentral.<\/p>\n<p>Intyg skall l\u00e4mnas inom 5 dagar fr\u00e5n sjuktillf\u00e4llet med kontaktuppgifter fr\u00e5n intygsgivaren<\/p>\n<\/div>\n\t\t<\/div>\t\t\t\t<\/div>\n\t\t\t\t<\/div>\n\t\t\t\t\t<\/div>\n\t\t<\/div>\n\t\t\t\t\t<\/div>\n\t\t<\/section>\n\t\t\t\t<\/div>\n\t\t","protected":false},"excerpt":{"rendered":"<p>V\u00e4lkommen att ta ditt k\u00f6rkort hos oss p\u00e5 City trafikskola. Hos oss \u00e4r du en viktig person! K\u00f6rkortstillst\u00e5nd F\u00f6r att f\u00e5 b\u00f6rja \u00f6vningsk\u00f6ra och p\u00e5b\u00f6rja din utbildning m\u00e5ste du f\u00f6rst ans\u00f6ka om k\u00f6rkortstillst\u00e5nd. F\u00f6r att s\u00f6ka m\u00e5ste du fylla i n\u00e5gra formul\u00e4r:\u00a0Ans\u00f6kan om K\u00f6rkortstillst\u00e5nd\u00a0och\u00a0H\u00e4lsodeklaration\u00a0med intyg om synpr\u00f6vning, vilket \u00e4r gratis hos oss p\u00e5 City.\u00a0Om du\u00a0beh\u00f6ver\u00a0glas\u00f6gon [&hellip;]<\/p>\n","protected":false},"author":1,"featured_media":0,"parent":0,"menu_order":0,"comment_status":"closed","ping_status":"closed","template":"","meta":{"footnotes":""},"class_list":["post-2578","page","type-page","status-publish","hentry"],"_links":{"self":[{"href":"https:\/\/www.citytrafik.nu\/cityWP\/wp-json\/wp\/v2\/pages\/2578","targetHints":{"allow":["GET"]}}],"collection":[{"href":"https:\/\/www.citytrafik.nu\/cityWP\/wp-json\/wp\/v2\/pages"}],"about":[{"href":"https:\/\/www.citytrafik.nu\/cityWP\/wp-json\/wp\/v2\/types\/page"}],"author":[{"embeddable":true,"href":"https:\/\/www.citytrafik.nu\/cityWP\/wp-json\/wp\/v2\/users\/1"}],"replies":[{"embeddable":true,"href":"https:\/\/www.citytrafik.nu\/cityWP\/wp-json\/wp\/v2\/comments?post=2578"}],"version-history":[{"count":94,"href":"https:\/\/www.citytrafik.nu\/cityWP\/wp-json\/wp\/v2\/pages\/2578\/revisions"}],"predecessor-version":[{"id":3997,"href":"https:\/\/www.citytrafik.nu\/cityWP\/wp-json\/wp\/v2\/pages\/2578\/revisions\/3997"}],"wp:attachment":[{"href":"https:\/\/www.citytrafik.nu\/cityWP\/wp-json\/wp\/v2\/media?parent=2578"}],"curies":[{"name":"wp","href":"https:\/\/api.w.org\/{rel}","templated":true}]}}