{"id":2673,"date":"2022-11-27T09:47:05","date_gmt":"2022-11-27T08:47:05","guid":{"rendered":"https:\/\/www.citytrafik.nu\/cityWP\/?page_id=2673"},"modified":"2022-12-09T11:15:07","modified_gmt":"2022-12-09T10:15:07","slug":"am-eu-moped","status":"publish","type":"page","link":"https:\/\/www.citytrafik.nu\/cityWP\/am-eu-moped\/","title":{"rendered":"AM (EU MOPED)"},"content":{"rendered":"\t\t<div data-elementor-type=\"wp-page\" data-elementor-id=\"2673\" class=\"elementor elementor-2673\">\n\t\t\t\t\t\t<section class=\"elementor-section elementor-top-section elementor-element elementor-element-12d7ef7 elementor-section-full_width elementor-section-height-default elementor-section-height-default\" data-id=\"12d7ef7\" data-element_type=\"section\" data-e-type=\"section\">\n\t\t\t\t\t\t<div class=\"elementor-container elementor-column-gap-default\">\n\t\t\t\t\t<div class=\"elementor-column elementor-col-50 elementor-top-column elementor-element elementor-element-debe27c\" data-id=\"debe27c\" data-element_type=\"column\" data-e-type=\"column\">\n\t\t\t<div class=\"elementor-widget-wrap elementor-element-populated\">\n\t\t\t\t\t\t<div class=\"elementor-element elementor-element-109a279 elementor-widget elementor-widget-image\" data-id=\"109a279\" data-element_type=\"widget\" data-e-type=\"widget\" data-widget_type=\"image.default\">\n\t\t\t\t<div class=\"elementor-widget-container\">\n\t\t\t\t\t\t\t\t\t\t\t\t\t\t\t<img fetchpriority=\"high\" decoding=\"async\" width=\"300\" height=\"225\" src=\"https:\/\/www.citytrafik.nu\/cityWP\/wp-content\/uploads\/2022\/11\/fordon-moppe-300x225.jpg\" class=\"attachment-medium size-medium wp-image-2945\" alt=\"\" srcset=\"https:\/\/www.citytrafik.nu\/cityWP\/wp-content\/uploads\/2022\/11\/fordon-moppe-300x225.jpg 300w, https:\/\/www.citytrafik.nu\/cityWP\/wp-content\/uploads\/2022\/11\/fordon-moppe-1024x768.jpg 1024w, https:\/\/www.citytrafik.nu\/cityWP\/wp-content\/uploads\/2022\/11\/fordon-moppe-768x576.jpg 768w, https:\/\/www.citytrafik.nu\/cityWP\/wp-content\/uploads\/2022\/11\/fordon-moppe-1536x1152.jpg 1536w, https:\/\/www.citytrafik.nu\/cityWP\/wp-content\/uploads\/2022\/11\/fordon-moppe-2048x1536.jpg 2048w\" sizes=\"(max-width: 300px) 100vw, 300px\" \/>\t\t\t\t\t\t\t\t\t\t\t\t\t\t\t<\/div>\n\t\t\t\t<\/div>\n\t\t\t\t<div class=\"elementor-element elementor-element-640b14e4 elementor-widget elementor-widget-text-editor\" data-id=\"640b14e4\" data-element_type=\"widget\" data-e-type=\"widget\" data-widget_type=\"text-editor.default\">\n\t\t\t\t<div class=\"elementor-widget-container\">\n\t\t\t\t\t\t\t\t\t<p>Att ha k\u00f6rkort inneb\u00e4r en viss frihet. Du har st\u00f6rre m\u00f6jlighet att best\u00e4mma \u00f6ver hur du ska resa. F\u00f6r att f\u00e5 k\u00f6rkort st\u00e4lls det vissa krav p\u00e5 dig. Detta g\u00f6rs f\u00f6r att vi alla ska veta att de som vistas p\u00e5 v\u00e4garna ska vara s\u00e4kerhetsmedvetna och trafikutbildade personer.<\/p><p>Den 1 oktober 2009 inf\u00f6rs k\u00f6rkortsbeh\u00f6righeten AM, som \u00e4r en k\u00f6rkortsbeh\u00f6righet f\u00f6r moped. Moped klass 1 (s\u00e5 kallad EU-moped) ska f\u00e5 k\u00f6ras av den som fyllt 15 \u00e5r och har ett k\u00f6rkort med beh\u00f6righeten AM eller ett k\u00f6rkort med annan beh\u00f6righet.<\/p><p>Moped klass I, den s\u00e5 kallade EU-mopeden, \u00e4r konstruerad f\u00f6r en hastighet av h\u00f6gst 45 km\/tim och f\u00f6r att k\u00f6ra den kr\u00e4vs att du har k\u00f6rkort, traktorkort (utf\u00e4rdat f\u00f6re den 1 oktober 2009), eller f\u00f6rarbevis f\u00f6r moped klass I (k\u00f6rkort beh\u00f6righet AM fr\u00e5n den 1 oktober 2009).<\/p><h3><a href=\"http:\/\/www.citytrafik.nu\/index.php?page=priser\">Vill du veta priser? De finns h\u00e4r!<\/a><\/h3>\t\t\t\t\t\t\t\t<\/div>\n\t\t\t\t<\/div>\n\t\t\t\t<div class=\"elementor-element elementor-element-5cb61722 elementor-widget elementor-widget-text-editor\" data-id=\"5cb61722\" data-element_type=\"widget\" data-e-type=\"widget\" data-widget_type=\"text-editor.default\">\n\t\t\t\t<div class=\"elementor-widget-container\">\n\t\t\t\t\t\t\t\t\t<h3>Krav p\u00e5 f\u00f6raren<\/h3><p>F\u00f6r att f\u00e5 ett k\u00f6rkort med beh\u00f6righet AM m\u00e5ste du ha ett godk\u00e4nt kunskapsprov. Du g\u00f6r kunskapsprovet p\u00e5 Trafikverket. Innan du g\u00f6r provet m\u00e5ste du:<br \/>-&gt; ha ett giltigt k\u00f6rkortstillst\u00e5nd (kr\u00e4vs \u00e4ven f\u00f6r \u00f6vningsk\u00f6rningen)<br \/>-&gt; ha genomf\u00f6rt en utbildning hos en beh\u00f6rig utbildare<br \/>-&gt; ha fyllt 15 \u00e5r<br \/>K\u00f6rkortstillst\u00e5nd<\/p><p>transportstyrelsen. N\u00e4r du ans\u00f6ker om k\u00f6rkortstillst\u00e5nd kontrollerar transportstyrelsen om du uppfyller de krav som samh\u00e4llet st\u00e4ller p\u00e5 alla som ska ta k\u00f6rkort. K\u00f6rkortstillst\u00e5ndet \u00e4r giltigt i fem \u00e5r och giltighetstiden kan inte f\u00f6rl\u00e4ngas.<\/p><h3>Utbildning \/ \u00d6vningsk\u00f6rning<\/h3><p>Utbildningen f\u00f6r k\u00f6rkort AM ska vara minst 4 lektioner varav 3 i trafik. Den ska inneh\u00e5lla b\u00e5de teoretiska och praktiska moment som \u00f6vningsk\u00f6rning i trafik.<\/p><p>F\u00f6r att en elev ska f\u00e5 \u00f6vningsk\u00f6ra med moped klass I m\u00e5ste man ha uppn\u00e5tt en \u00e5lder av 14 \u00e5r och 9 m\u00e5nader samt ha ett giltigt k\u00f6rkortstillst\u00e5nd. Uppsikt under \u00f6vningsk\u00f6rningen ska ske av en beh\u00f6rig utbildare.\u00a0<strong>Privat \u00f6vningsk\u00f6rning \u00e4r inte till\u00e5ten.<\/strong><\/p><h3>Varf\u00f6r beh\u00f6vs ett k\u00f6rkort f\u00f6r moped klass 1?<\/h3><p>Inf\u00f6randet av k\u00f6rkort AM syftar till att \u00f6ka trafiks\u00e4kerheten och minska antalet d\u00f6da och skadade i mopedolyckor. \u00d6kade kunskaper hos f\u00f6rarna \u00e4r ett s\u00e4tt att motverka trenden med \u00f6kat antal olyckor med mopeder inblandade.<br \/><br \/>Kunskapsprov och en obligatorisk fordonsanpassad utbildning med mer omfattande praktiska inslag \u00e4n idag, bland annat \u00f6vningsk\u00f6rning i trafik, b\u00f6r kunna g\u00f6ra moped\u00e5kningen s\u00e4krare f\u00f6r ett stort antal unga f\u00f6rare.<\/p>\t\t\t\t\t\t\t\t<\/div>\n\t\t\t\t<\/div>\n\t\t\t\t\t<\/div>\n\t\t<\/div>\n\t\t\t\t<div class=\"elementor-column elementor-col-50 elementor-top-column elementor-element elementor-element-4af9f9a\" data-id=\"4af9f9a\" data-element_type=\"column\" data-e-type=\"column\">\n\t\t\t<div class=\"elementor-widget-wrap elementor-element-populated\">\n\t\t\t\t\t\t<div class=\"elementor-element elementor-element-0ad5c72 elementor-widget elementor-widget-sidebar\" data-id=\"0ad5c72\" data-element_type=\"widget\" data-e-type=\"widget\" data-widget_type=\"sidebar.default\">\n\t\t\t\t<div class=\"elementor-widget-container\">\n\t\t\t\t\t<div class=\"widget_text tt-block-aside widget\" id=\"text-22\">\t\t\t<div class=\"textwidget\"><p><a href=\"http:\/\/www.citytrafik.nu\/index.php?page=hboka\"><img decoding=\"async\" src=\"http:\/\/www.citytrafik.nu\/Handledarkurser_s.png\" \/><\/a><\/p>\n<table border=\"0\" cellpadding=\"3\">\n<tbody>\n<tr>\n<td><strong><a href=\"http:\/\/www.citytrafik.nu\/index.php?page=hboka\">\u00c4ngelholm<\/a><\/strong><\/td>\n<td><\/td>\n<\/tr>\n<tr>\n<td>Datum<\/td>\n<td>Tid<\/td>\n<\/tr>\n<tr>\n<td nowrap=\"nowrap\">2023-01-16<\/td>\n<td nowrap=\"nowrap\">17:00-20:30<\/td>\n<\/tr>\n<tr>\n<td nowrap=\"nowrap\">2023-01-30<\/td>\n<td nowrap=\"nowrap\">17:00-20:30<\/td>\n<\/tr>\n<tr>\n<td nowrap=\"nowrap\"><\/td>\n<td nowrap=\"nowrap\"><b><a href=\"http:\/\/www.citytrafik.nu\/index.php?page=hboka\">boka h\u00e4r! \u00bb<\/a><\/b><\/td>\n<\/tr>\n<\/tbody>\n<\/table>\n<table border=\"0\" cellpadding=\"3\">\n<tbody>\n<tr>\n<td><strong><a href=\"http:\/\/www.citytrafik.nu\/index.php?page=ohboka\">\u00d6rkelljunga<\/a><\/strong><\/td>\n<td><\/td>\n<\/tr>\n<tr>\n<td>Datum<\/td>\n<td>Tid<\/td>\n<\/tr>\n<tr>\n<td nowrap=\"nowrap\"><\/td>\n<td nowrap=\"nowrap\"><b><a href=\"http:\/\/www.citytrafik.nu\/index.php?page=ohboka\">boka h\u00e4r! \u00bb<\/a><\/b><\/td>\n<\/tr>\n<\/tbody>\n<\/table>\n<\/div>\n\t\t<\/div><div class=\"widget_text tt-block-aside widget\" id=\"text-23\">\t\t\t<div class=\"textwidget\"><h3 class=\"widget-title\">Boka Risk 1:an<\/h3>\n<table border=\"0\" cellpadding=\"3\">\n<tbody>\n<tr>\n<td><strong><a href=\"http:\/\/www.citytrafik.nu\/index.php?page=risk1bilboka\">\u00c4ngelholm<\/a><\/strong><\/td>\n<td><\/td>\n<\/tr>\n<tr>\n<td nowrap=\"nowrap\">2022-12-16<\/td>\n<td nowrap=\"nowrap\">09:00-12:30<\/td>\n<\/tr>\n<tr>\n<td nowrap=\"nowrap\">2023-01-13<\/td>\n<td nowrap=\"nowrap\">09:00-12:30<\/td>\n<\/tr>\n<tr>\n<td nowrap=\"nowrap\"><\/td>\n<td nowrap=\"nowrap\"><b><a href=\"http:\/\/www.citytrafik.nu\/index.php?page=risk1bilboka\">boka h\u00e4r!\u00bb<\/a><\/b><\/td>\n<\/tr>\n<\/tbody>\n<\/table>\n<p>&nbsp;<\/p>\n<\/div>\n\t\t<\/div><div class=\"widget_text tt-block-aside widget\" id=\"text-25\">\t\t\t<div class=\"textwidget\"><h3 class=\"widget-title\">Elevcentralen<\/h3>\n<p>Sv\u00e5rt att passa in trafikskolans \u00f6ppettider?<br \/>\n<strong>Nu kan du g\u00f6ra STRs teoritester hemma!<\/strong><\/p>\n<p><a href=\"http:\/\/www.elevcentralen.se\/\" target=\"_blank\" rel=\"noopener\"><strong>G\u00e5 till Elevcentralen \u00bb<\/strong><\/a><\/p>\n<\/div>\n\t\t<\/div><div class=\"widget_text tt-block-aside widget\" id=\"text-26\">\t\t\t<div class=\"textwidget\"><h3 class=\"widget-title\">Viktig information<\/h3>\n<p><strong>Avbokning av k\u00f6rlektion ska ske via personlig kontakt under v\u00e5ra \u00f6ppettider.<\/strong><\/p>\n<p>Avbokning skall ske senast arbetsdagen innan och f\u00f6re kl. 14,00 f\u00f6r att slippa debitering.<\/p>\n<p>Avbokning samma dag pga sjukdom skall den kunna styrkas av l\u00e4rare, arbetsgivare eller v\u00e5rdcentral.<\/p>\n<p>Intyg skall l\u00e4mnas inom 5 dagar fr\u00e5n sjuktillf\u00e4llet med kontaktuppgifter fr\u00e5n intygsgivaren<\/p>\n<\/div>\n\t\t<\/div>\t\t\t\t<\/div>\n\t\t\t\t<\/div>\n\t\t\t\t\t<\/div>\n\t\t<\/div>\n\t\t\t\t\t<\/div>\n\t\t<\/section>\n\t\t\t\t<\/div>\n\t\t","protected":false},"excerpt":{"rendered":"<p>Att ha k\u00f6rkort inneb\u00e4r en viss frihet. Du har st\u00f6rre m\u00f6jlighet att best\u00e4mma \u00f6ver hur du ska resa. F\u00f6r att f\u00e5 k\u00f6rkort st\u00e4lls det vissa krav p\u00e5 dig. Detta g\u00f6rs f\u00f6r att vi alla ska veta att de som vistas p\u00e5 v\u00e4garna ska vara s\u00e4kerhetsmedvetna och trafikutbildade personer. Den 1 oktober 2009 inf\u00f6rs k\u00f6rkortsbeh\u00f6righeten AM, [&hellip;]<\/p>\n","protected":false},"author":1,"featured_media":0,"parent":0,"menu_order":0,"comment_status":"closed","ping_status":"closed","template":"","meta":{"footnotes":""},"class_list":["post-2673","page","type-page","status-publish","hentry"],"_links":{"self":[{"href":"https:\/\/www.citytrafik.nu\/cityWP\/wp-json\/wp\/v2\/pages\/2673","targetHints":{"allow":["GET"]}}],"collection":[{"href":"https:\/\/www.citytrafik.nu\/cityWP\/wp-json\/wp\/v2\/pages"}],"about":[{"href":"https:\/\/www.citytrafik.nu\/cityWP\/wp-json\/wp\/v2\/types\/page"}],"author":[{"embeddable":true,"href":"https:\/\/www.citytrafik.nu\/cityWP\/wp-json\/wp\/v2\/users\/1"}],"replies":[{"embeddable":true,"href":"https:\/\/www.citytrafik.nu\/cityWP\/wp-json\/wp\/v2\/comments?post=2673"}],"version-history":[{"count":52,"href":"https:\/\/www.citytrafik.nu\/cityWP\/wp-json\/wp\/v2\/pages\/2673\/revisions"}],"predecessor-version":[{"id":4041,"href":"https:\/\/www.citytrafik.nu\/cityWP\/wp-json\/wp\/v2\/pages\/2673\/revisions\/4041"}],"wp:attachment":[{"href":"https:\/\/www.citytrafik.nu\/cityWP\/wp-json\/wp\/v2\/media?parent=2673"}],"curies":[{"name":"wp","href":"https:\/\/api.w.org\/{rel}","templated":true}]}}