{"id":2688,"date":"2022-11-27T09:52:05","date_gmt":"2022-11-27T08:52:05","guid":{"rendered":"https:\/\/www.citytrafik.nu\/cityWP\/?page_id=2688"},"modified":"2022-12-09T11:07:41","modified_gmt":"2022-12-09T10:07:41","slug":"privacy-policy","status":"publish","type":"page","link":"https:\/\/www.citytrafik.nu\/cityWP\/privacy-policy\/","title":{"rendered":"INTEGRITETSPOLICY"},"content":{"rendered":"\t\t<div data-elementor-type=\"wp-page\" data-elementor-id=\"2688\" class=\"elementor elementor-2688\">\n\t\t\t\t\t\t<section class=\"elementor-section elementor-top-section elementor-element elementor-element-128ad48a elementor-section-full_width elementor-section-height-default elementor-section-height-default\" data-id=\"128ad48a\" data-element_type=\"section\" data-e-type=\"section\">\n\t\t\t\t\t\t<div class=\"elementor-container elementor-column-gap-no\">\n\t\t\t\t\t<div class=\"elementor-column elementor-col-100 elementor-top-column elementor-element elementor-element-1989e7bc\" data-id=\"1989e7bc\" data-element_type=\"column\" data-e-type=\"column\" data-settings=\"{&quot;background_background&quot;:&quot;classic&quot;}\">\n\t\t\t<div class=\"elementor-widget-wrap\">\n\t\t\t\t\t\t\t<\/div>\n\t\t<\/div>\n\t\t\t\t\t<\/div>\n\t\t<\/section>\n\t\t\t\t<section class=\"elementor-section elementor-top-section elementor-element elementor-element-5ba3851 elementor-section-boxed elementor-section-height-default elementor-section-height-default\" data-id=\"5ba3851\" data-element_type=\"section\" data-e-type=\"section\">\n\t\t\t\t\t\t<div class=\"elementor-container elementor-column-gap-default\">\n\t\t\t\t\t<div class=\"elementor-column elementor-col-50 elementor-top-column elementor-element elementor-element-9cd9ac0\" data-id=\"9cd9ac0\" data-element_type=\"column\" data-e-type=\"column\">\n\t\t\t<div class=\"elementor-widget-wrap elementor-element-populated\">\n\t\t\t\t\t\t<div class=\"elementor-element elementor-element-3e4af59 elementor-widget elementor-widget-text-editor\" data-id=\"3e4af59\" data-element_type=\"widget\" data-e-type=\"widget\" data-widget_type=\"text-editor.default\">\n\t\t\t\t<div class=\"elementor-widget-container\">\n\t\t\t\t\t\t\t\t\t<h3 data-fontsize=\"36\" data-lineheight=\"39\">GDPR\/Integritetspolicy<\/h3><p>Kraven som st\u00e4lls p\u00e5 f\u00f6retag kopplat till behandling av personuppgifter har alltid varit h\u00f6ga och kommer forts\u00e4tta att vara det. Det betyder bl.a. att:<\/p><ul><li>\u00a0 \u00a0 \u00a0 \u00a0Du alltid har r\u00e4tt att f\u00e5 veta vilka personuppgifter vi sparar.<\/li><li>\u00a0 \u00a0 \u00a0 \u00a0Du alltid har m\u00f6jlighet att f\u00e5 veta hur vi behandlar dina personuppgifter och i vilket syfte.<\/li><\/ul><p>\u00a0<\/p><p><strong>Till vad anv\u00e4nder vi dina personuppgifter<\/strong><\/p><p>Personuppgifter vi tar och sparar n\u00e4r du anm\u00e4ler dig till City Trafikskola anv\u00e4nder vi f\u00f6r att kunna administrera, kommunicera med dig, registrera dig p\u00e5 elevcentralen f\u00f6r bokning av k\u00f6rlektioner\u00a0 och senare rapportera till Transportstyrelsen eller boka prov p\u00e5 Trafikverket. Och detta \u00e4r tex namn, adress,\u00a0 personnummer,\u00a0 telefonnummer samt mailadress. Vi tillhandah\u00e5ller \u00e4ven den information du sj\u00e4lv och frivilligt ger oss genom olika kanaler f\u00f6r att anm\u00e4la dig till n\u00e5gon av v\u00e5ra utbildningar.<strong>\u00a0<\/strong><\/p><p><strong>Hur vi hanterar och vilka anv\u00e4nder dina uppgifter<\/strong><\/p><p>Vi s\u00e4ljer, handlar, eller p\u00e5 annat s\u00e4tt \u00f6verf\u00f6r, inte personligt identifierbar information till utomst\u00e5ende parter. Detta inkluderar inte betrodd tredjepart som hj\u00e4lper oss att driva v\u00e5r webbplats eller v\u00e5rt f\u00f6retag, med kravet att dessa parter godk\u00e4nner att h\u00e5lla informationen konfidentiell.<\/p><p>Endast de personer i f\u00f6retaget som har behov av dina personuppgifter f\u00f6r att utf\u00f6ra sitt arbete som anst\u00e4lld p\u00e5 en Trafikskola. har tillg\u00e5ng till dessa.<\/p><p>Du kan n\u00e4r som helst v\u00e4lja att avregistrera dig fr\u00e5n City Trafikskola och vi raderar dig d\u00e5 fr\u00e5n v\u00e5ra register. De uppgifter som inte g\u00e5r att radera \u00e4r de uppgifter Transportstyrelsen kr\u00e4ver att vi ska spara i 2 \u00e5r f\u00f6r m\u00f6jlighet till tillsyn av v\u00e5r verksamhet. De utbildningar som har en giltighetstid p\u00e5 5 \u00e5r sparas ocks\u00e5 under giltighetsperioden.<\/p><p>De ekonomiska uppgifter som m\u00e5ste sparas i 7 \u00e5r enligt skatteverkets lagar sparas ocks\u00e5.<\/p><p>Du kan n\u00e4r som helst kontakta oss p\u00e5 info@citytrafik.nu f\u00f6r att f\u00e5 information om vilka personuppgifter vi har sparat om dig eller om du vill att vi raderar dina personuppgifter.<\/p><p>\u00a0&#8212;&#8212;&#8212;&#8212;&#8212;&#8212;-<\/p><p>Vi anv\u00e4nder kakor<br \/>Om Kakor<\/p><p>Webbplatsen citytrafik.nu anv\u00e4nder kakor (ocks\u00e5 kallat \u201dcookies\u201d). Enligt lagen om elektronisk kommunikation som tr\u00e4dde i kraft 1 juli 2011 ska alla bes\u00f6kare p\u00e5 webbplatser som anv\u00e4nder kakor informeras om detta. Bes\u00f6karen m\u00e5ste informeras om att kakor anv\u00e4nds och syftet med dessa samt l\u00e4mna sitt s\u00e4rskilda samtycke.<\/p><p>En kaka \u00e4r en liten textfil som sparas i din dator n\u00e4r du bes\u00f6ker en webbplats som anv\u00e4nder kakor. N\u00e4sta g\u00e5ng du bes\u00f6ker samma webbplats kan den l\u00e4sa din kaka och visa sidorna enligt dina inst\u00e4llningar. citytrafik.nu anv\u00e4nder f\u00f6rstapartskakor (first party-cookies) i tv\u00e5 syften; att inh\u00e4mta statistik f\u00f6r att skapa en bild av hur bes\u00f6kare anv\u00e4nder webbplatsen och f\u00f6r att i webbutiken h\u00e5lla reda p\u00e5 vad som lagts i varukorgen.<\/p><p>Google Analytics cookies<\/p><p>Statistikinsamlingen sk\u00f6ts av Google Analytics och informationen som samlas in skickas vidare till Googles servrar i USA. Dessa kakor anv\u00e4nds f\u00f6r att lagra information som inte \u00e4r personligt identifierande. Informationen kan i vissa fall vidarebefordras av Google till tredje part. F\u00f6ljande kakor s\u00e4tts av citytrafik.nu:<\/p><p>\u201d_ga\u201d, sparas i 2 \u00e5r. Anv\u00e4nds f\u00f6r att s\u00e4rskilja anv\u00e4ndare.<\/p><p>\u201d_gat\u201d, sparas i 10 minuter. Anv\u00e4nds f\u00f6r att strypa (\u201dthrottle\u201d) m\u00e4ngden f\u00f6rfr\u00e5gningar.<\/p><p>Om du inte vill att dina bes\u00f6k ska visas i statistiken i Google Analytics kan du installera deras webbl\u00e4sartill\u00e4gg\u00a0 Google Analytics Opt-out Browser Add-on: https:\/\/tools.google.com\/dlpage\/gaoptout. Kakorna f\u00f6r webbutiken s\u00e4tts inte f\u00f6rr\u00e4n du l\u00e4gger till en produkt i varukorgen och du kan d\u00e4rmed undvika dem genom att inte anv\u00e4nda webbutiken.<\/p><p>Vill du veta mer om kakor och elektronisk information h\u00e4nvisar vi till Post- och Telestyrelsens webbplats.<\/p><p>Sammanfattningsvis lagrar Google Analytics information om du som bes\u00f6kare:<\/p><p>\u2013 bes\u00f6ker hemsidan f\u00f6r f\u00f6rsta g\u00e5ngen<\/p><p>\u2013 n\u00e4r du bes\u00f6kte webbplatsen senast<\/p><p>\u2013 n\u00e4r ditt nuvarande bes\u00f6k p\u00e5b\u00f6rjades<\/p><p>\u2013 hur m\u00e5nga g\u00e5nger du bes\u00f6kt webbplatsen<\/p><p>\u2013 vilken webbl\u00e4sare du anv\u00e4nder<\/p><p>\u2013 hur du hittade till webbplatsen genom att identifiera trafikk\u00e4llor.<\/p><p>Social Media cookies<\/p><p>Anv\u00e4nds p\u00e5 Aktuellt-sidan n\u00e4r dela- och rekommenderaknappar f\u00f6r sociala medier anv\u00e4nds f\u00f6r enskilt inl\u00e4gg. G\u00e4ller \u00e4ven v\u00e5ra sociala fl\u00f6den.<\/p><p>Social media cookies anv\u00e4nds f\u00f6r f\u00f6ljande sociala medier: Facebook, Twitter, Google+, LinkedIn.<\/p><p>Anv\u00e4ndningen av Social media cookies varierar mellan sociala n\u00e4tverk utifr\u00e5n de sekretessinst\u00e4llningar du som anv\u00e4ndare har valt p\u00e5 dessa n\u00e4tverk.<\/p><p>Tredjepartscookies<\/p><p>Likt de flesta webbplatser, inneh\u00e5ller citytrafik.nu funktioner som tillhandah\u00e5lls av tredje part. Ett vanligt exempel \u00e4r en inb\u00e4ddad YouTube-video eller Google maps cookies (kartor) som anv\u00e4nds f\u00f6r statistiksp\u00e5rning. V\u00e5r webbplats inneh\u00e5ller f\u00f6ljande tredjepartsfunktioner som anv\u00e4nder cookies:<\/p><p>\u2022 Youtube embed cookies<br \/>\u2022 Google maps cookies<\/p><p>Om du avaktiverar dessa cookies kommer det sannolikt att st\u00e4nga av de funktioner som erbjuds av dessa tredje parter.<\/p><p>PHP Session cookies<\/p><p>PHP session cookies samlas in f\u00f6r att underl\u00e4tta arbetet med PHP och f\u00f6r skapa f\u00f6ruts\u00e4ttningar f\u00f6r vidareutveckling av sajten. L\u00e4s mer om PHP session cookies h\u00e4r: http:\/\/www.onlamp.com\/pub\/a\/php\/excerpt\/webdbapps_8\/index.html?page=2<\/p><p>WooCommerce cookies<\/p><p>F\u00f6r att kunna spara produkter i varukorgen anv\u00e4nder citytrafik.nu\u00a0 WooCommerce cookies. F\u00f6r att hantera kundvagnens data anv\u00e4nder WooCommerce 3 former av kakor:<\/p><p>\u2013 woocommerce_cart_hash<br \/>\u2013 woocommerce_items_in_cart<br \/>\u2013 wp_woocommerce_session_<\/p><p>De tv\u00e5 f\u00f6rsta cookie-formerna inneh\u00e5ller information om kundvagnen som helhet och hj\u00e4lper WooCommerce att veta n\u00e4r vagnens data \u00e4ndras. Den sistn\u00e4mnda kakan (wp_woocommerce_session_) inneh\u00e5ller en unik kod f\u00f6r varje kund s\u00e5 att den vet var man hittar varukorgen i databasen f\u00f6r varje kund. Ingen personlig information lagras i dessa cookies.<\/p><p>Acceptera cookies p\u00e5 sajten<\/p><p>Om inst\u00e4llningarna i din webbl\u00e4sare \u00e4r justerade f\u00f6r att acceptera cookies tolkas detta som att du accepterar lagring av cookies varje g\u00e5ng du anv\u00e4nder webbplatsen.\u00a0\u00a0<\/p><p>Kan jag s\u00e4ga nej till kakor?<\/p><p>Om du inte vill till\u00e5ta lagring av kakor p\u00e5 din dator kan du st\u00e4nga av det i din webbl\u00e4sares inst\u00e4llningar, d\u00e5 kommer inga kakor att lagras. I vissa webbl\u00e4sare kan du blockera permanenta kakor och \u00e4nd\u00e5 till\u00e5ta sessionskakor.<\/p>\t\t\t\t\t\t\t\t<\/div>\n\t\t\t\t<\/div>\n\t\t\t\t\t<\/div>\n\t\t<\/div>\n\t\t\t\t<div class=\"elementor-column elementor-col-50 elementor-top-column elementor-element elementor-element-67706ff\" data-id=\"67706ff\" data-element_type=\"column\" data-e-type=\"column\">\n\t\t\t<div class=\"elementor-widget-wrap elementor-element-populated\">\n\t\t\t\t\t\t<div class=\"elementor-element elementor-element-3019962 elementor-widget elementor-widget-sidebar\" data-id=\"3019962\" data-element_type=\"widget\" data-e-type=\"widget\" data-widget_type=\"sidebar.default\">\n\t\t\t\t<div class=\"elementor-widget-container\">\n\t\t\t\t\t<div class=\"widget_text tt-block-aside widget\" id=\"text-22\">\t\t\t<div class=\"textwidget\"><p><a href=\"http:\/\/www.citytrafik.nu\/index.php?page=hboka\"><img decoding=\"async\" src=\"http:\/\/www.citytrafik.nu\/Handledarkurser_s.png\" \/><\/a><\/p>\n<table border=\"0\" cellpadding=\"3\">\n<tbody>\n<tr>\n<td><strong><a href=\"http:\/\/www.citytrafik.nu\/index.php?page=hboka\">\u00c4ngelholm<\/a><\/strong><\/td>\n<td><\/td>\n<\/tr>\n<tr>\n<td>Datum<\/td>\n<td>Tid<\/td>\n<\/tr>\n<tr>\n<td nowrap=\"nowrap\">2023-01-16<\/td>\n<td nowrap=\"nowrap\">17:00-20:30<\/td>\n<\/tr>\n<tr>\n<td nowrap=\"nowrap\">2023-01-30<\/td>\n<td nowrap=\"nowrap\">17:00-20:30<\/td>\n<\/tr>\n<tr>\n<td nowrap=\"nowrap\"><\/td>\n<td nowrap=\"nowrap\"><b><a href=\"http:\/\/www.citytrafik.nu\/index.php?page=hboka\">boka h\u00e4r! \u00bb<\/a><\/b><\/td>\n<\/tr>\n<\/tbody>\n<\/table>\n<table border=\"0\" cellpadding=\"3\">\n<tbody>\n<tr>\n<td><strong><a href=\"http:\/\/www.citytrafik.nu\/index.php?page=ohboka\">\u00d6rkelljunga<\/a><\/strong><\/td>\n<td><\/td>\n<\/tr>\n<tr>\n<td>Datum<\/td>\n<td>Tid<\/td>\n<\/tr>\n<tr>\n<td nowrap=\"nowrap\"><\/td>\n<td nowrap=\"nowrap\"><b><a href=\"http:\/\/www.citytrafik.nu\/index.php?page=ohboka\">boka h\u00e4r! \u00bb<\/a><\/b><\/td>\n<\/tr>\n<\/tbody>\n<\/table>\n<\/div>\n\t\t<\/div><div class=\"widget_text tt-block-aside widget\" id=\"text-23\">\t\t\t<div class=\"textwidget\"><h3 class=\"widget-title\">Boka Risk 1:an<\/h3>\n<table border=\"0\" cellpadding=\"3\">\n<tbody>\n<tr>\n<td><strong><a href=\"http:\/\/www.citytrafik.nu\/index.php?page=risk1bilboka\">\u00c4ngelholm<\/a><\/strong><\/td>\n<td><\/td>\n<\/tr>\n<tr>\n<td nowrap=\"nowrap\">2022-12-16<\/td>\n<td nowrap=\"nowrap\">09:00-12:30<\/td>\n<\/tr>\n<tr>\n<td nowrap=\"nowrap\">2023-01-13<\/td>\n<td nowrap=\"nowrap\">09:00-12:30<\/td>\n<\/tr>\n<tr>\n<td nowrap=\"nowrap\"><\/td>\n<td nowrap=\"nowrap\"><b><a href=\"http:\/\/www.citytrafik.nu\/index.php?page=risk1bilboka\">boka h\u00e4r!\u00bb<\/a><\/b><\/td>\n<\/tr>\n<\/tbody>\n<\/table>\n<p>&nbsp;<\/p>\n<\/div>\n\t\t<\/div><div class=\"widget_text tt-block-aside widget\" id=\"text-25\">\t\t\t<div class=\"textwidget\"><h3 class=\"widget-title\">Elevcentralen<\/h3>\n<p>Sv\u00e5rt att passa in trafikskolans \u00f6ppettider?<br \/>\n<strong>Nu kan du g\u00f6ra STRs teoritester hemma!<\/strong><\/p>\n<p><a href=\"http:\/\/www.elevcentralen.se\/\" target=\"_blank\" rel=\"noopener\"><strong>G\u00e5 till Elevcentralen \u00bb<\/strong><\/a><\/p>\n<\/div>\n\t\t<\/div><div class=\"widget_text tt-block-aside widget\" id=\"text-26\">\t\t\t<div class=\"textwidget\"><h3 class=\"widget-title\">Viktig information<\/h3>\n<p><strong>Avbokning av k\u00f6rlektion ska ske via personlig kontakt under v\u00e5ra \u00f6ppettider.<\/strong><\/p>\n<p>Avbokning skall ske senast arbetsdagen innan och f\u00f6re kl. 14,00 f\u00f6r att slippa debitering.<\/p>\n<p>Avbokning samma dag pga sjukdom skall den kunna styrkas av l\u00e4rare, arbetsgivare eller v\u00e5rdcentral.<\/p>\n<p>Intyg skall l\u00e4mnas inom 5 dagar fr\u00e5n sjuktillf\u00e4llet med kontaktuppgifter fr\u00e5n intygsgivaren<\/p>\n<\/div>\n\t\t<\/div>\t\t\t\t<\/div>\n\t\t\t\t<\/div>\n\t\t\t\t\t<\/div>\n\t\t<\/div>\n\t\t\t\t\t<\/div>\n\t\t<\/section>\n\t\t\t\t<\/div>\n\t\t","protected":false},"excerpt":{"rendered":"<p>GDPR\/Integritetspolicy Kraven som st\u00e4lls p\u00e5 f\u00f6retag kopplat till behandling av personuppgifter har alltid varit h\u00f6ga och kommer forts\u00e4tta att vara det. Det betyder bl.a. att: \u00a0 \u00a0 \u00a0 \u00a0Du alltid har r\u00e4tt att f\u00e5 veta vilka personuppgifter vi sparar. \u00a0 \u00a0 \u00a0 \u00a0Du alltid har m\u00f6jlighet att f\u00e5 veta hur vi behandlar dina personuppgifter och [&hellip;]<\/p>\n","protected":false},"author":1,"featured_media":0,"parent":0,"menu_order":0,"comment_status":"closed","ping_status":"closed","template":"","meta":{"footnotes":""},"class_list":["post-2688","page","type-page","status-publish","hentry"],"_links":{"self":[{"href":"https:\/\/www.citytrafik.nu\/cityWP\/wp-json\/wp\/v2\/pages\/2688","targetHints":{"allow":["GET"]}}],"collection":[{"href":"https:\/\/www.citytrafik.nu\/cityWP\/wp-json\/wp\/v2\/pages"}],"about":[{"href":"https:\/\/www.citytrafik.nu\/cityWP\/wp-json\/wp\/v2\/types\/page"}],"author":[{"embeddable":true,"href":"https:\/\/www.citytrafik.nu\/cityWP\/wp-json\/wp\/v2\/users\/1"}],"replies":[{"embeddable":true,"href":"https:\/\/www.citytrafik.nu\/cityWP\/wp-json\/wp\/v2\/comments?post=2688"}],"version-history":[{"count":29,"href":"https:\/\/www.citytrafik.nu\/cityWP\/wp-json\/wp\/v2\/pages\/2688\/revisions"}],"predecessor-version":[{"id":4033,"href":"https:\/\/www.citytrafik.nu\/cityWP\/wp-json\/wp\/v2\/pages\/2688\/revisions\/4033"}],"wp:attachment":[{"href":"https:\/\/www.citytrafik.nu\/cityWP\/wp-json\/wp\/v2\/media?parent=2688"}],"curies":[{"name":"wp","href":"https:\/\/api.w.org\/{rel}","templated":true}]}}