{"id":2822,"date":"2022-11-27T12:59:40","date_gmt":"2022-11-27T11:59:40","guid":{"rendered":"https:\/\/www.citytrafik.nu\/cityWP\/?page_id=2822"},"modified":"2022-12-09T10:52:09","modified_gmt":"2022-12-09T09:52:09","slug":"book-tutor-course-angelholm-here","status":"publish","type":"page","link":"https:\/\/www.citytrafik.nu\/cityWP\/book-tutor-course-angelholm-here\/","title":{"rendered":"Boka Handledarkurs \u00c4ngelholm h\u00e4r!"},"content":{"rendered":"\t\t<div data-elementor-type=\"wp-page\" data-elementor-id=\"2822\" class=\"elementor elementor-2822\">\n\t\t\t\t\t\t<section class=\"elementor-section elementor-top-section elementor-element elementor-element-bd18f0d elementor-section-boxed elementor-section-height-default elementor-section-height-default\" data-id=\"bd18f0d\" data-element_type=\"section\" data-e-type=\"section\">\n\t\t\t\t\t\t<div class=\"elementor-container elementor-column-gap-default\">\n\t\t\t\t\t<div class=\"elementor-column elementor-col-50 elementor-top-column elementor-element elementor-element-fef98d9\" data-id=\"fef98d9\" data-element_type=\"column\" data-e-type=\"column\">\n\t\t\t<div class=\"elementor-widget-wrap elementor-element-populated\">\n\t\t\t\t\t\t<div class=\"elementor-element elementor-element-8f727ad elementor-widget elementor-widget-text-editor\" data-id=\"8f727ad\" data-element_type=\"widget\" data-e-type=\"widget\" data-widget_type=\"text-editor.default\">\n\t\t\t\t<div class=\"elementor-widget-container\">\n\t\t\t\t\t\t\t\t\t<p><strong>Handledare m\u00e5ste vara minst 24 \u00e5r och elever minst 15 \u00e5r och 9 m\u00e5nader f\u00f6r att f\u00e5 genomf\u00f6ra utbildningen.\u00a0<\/strong>Men \u00f6vningsk\u00f6rningen f\u00e5r p\u00e5b\u00f6rjas fr\u00e5n 16 \u00e5rs \u00e5lder.<u><br \/><\/u><\/p><p><strong>Kravet p\u00e5\u00a0introduktionsutbildning vid privat \u00f6vningsk\u00f6rning m\u00e5ste\u00a0inte\u00a0l\u00e4ngre genomf\u00f6ras av eleven och handledaren samtidigt. Elev och handledare kan g\u00e5 utbildningen var f\u00f6r sig.<br \/><\/strong><br \/>Den som redan har g\u00e5tt en introduktionsutbildning beh\u00f6ver inte g\u00e5 om den, f\u00f6rutsatt att utbildningen fortfarande \u00e4r giltig. Utbildningen \u00e4r giltig i 5 \u00e5r fr\u00e5n det datum den genomf\u00f6rdes.<\/p>\t\t\t\t\t\t\t\t<\/div>\n\t\t\t\t<\/div>\n\t\t\t\t<div class=\"elementor-element elementor-element-e20dd1c elementor-widget elementor-widget-text-editor\" data-id=\"e20dd1c\" data-element_type=\"widget\" data-e-type=\"widget\" data-widget_type=\"text-editor.default\">\n\t\t\t\t<div class=\"elementor-widget-container\">\n\t\t\t\t\t\t\t\t\t<p><a href=\"http:\/\/www.citytrafik.nu\/index.php?page=handl\"><strong>L\u00e4s mer om handledarkursen h\u00e4r! \u00bb<\/strong><\/a>\u00a0<\/p><p>\u00a0<\/p><p>P\u00e5 grund av Covid-pandemin s\u00e5 m\u00e5ste vi anpassa v\u00e5ra handledarkurser s\u00e5 de genomf\u00f6rs p\u00e5 ett s\u00e4kert s\u00e4tt i lokalen, genom att begr\u00e4nsa antal deltagare som vistas p\u00e5 plats.<br \/>\u00a0\u00a0<\/p><p>\u00a0<strong>Boka handledarkurs<\/strong><\/p><p><span style=\"font-size: large;\">\u00a0Anm\u00e4lan\u00a0<strong>bindande<\/strong>, avbokning ska ske senast kl 13,00 vardagen innan, annars debiteras full avgift!<\/span><\/p><p>\u00a0Pris 495 kronor per person.\u00a0<\/p><h3>Anm\u00e4lan\u00a0<u>bindande<\/u>, avbokning ska ske senast kl 13,00 vardagen innan,\u00a0<u>annars debiteras full avgift<\/u><br \/><br \/>T\u00e4nk p\u00e5 att kursen skall vara betald f\u00f6re kurstillf\u00e4llet<\/h3><div>BG: 5040-9226<\/div><div>Swish: 123 594 82 03 skriv namn och personnr<\/div><div>\u00a0<\/div><div>Gl\u00f6m ej ta med legitimation p\u00e5 b\u00e5de elev och handledare!<\/div>\t\t\t\t\t\t\t\t<\/div>\n\t\t\t\t<\/div>\n\t\t\t\t\t<\/div>\n\t\t<\/div>\n\t\t\t\t<div class=\"elementor-column elementor-col-50 elementor-top-column elementor-element elementor-element-ad8368e\" data-id=\"ad8368e\" data-element_type=\"column\" data-e-type=\"column\">\n\t\t\t<div class=\"elementor-widget-wrap elementor-element-populated\">\n\t\t\t\t\t\t<div class=\"elementor-element elementor-element-b8110d4 elementor-widget elementor-widget-sidebar\" data-id=\"b8110d4\" data-element_type=\"widget\" data-e-type=\"widget\" data-widget_type=\"sidebar.default\">\n\t\t\t\t<div class=\"elementor-widget-container\">\n\t\t\t\t\t<div class=\"widget_text tt-block-aside widget\" id=\"text-22\">\t\t\t<div class=\"textwidget\"><p><a href=\"http:\/\/www.citytrafik.nu\/index.php?page=hboka\"><img decoding=\"async\" src=\"http:\/\/www.citytrafik.nu\/Handledarkurser_s.png\" \/><\/a><\/p>\n<table border=\"0\" cellpadding=\"3\">\n<tbody>\n<tr>\n<td><strong><a href=\"http:\/\/www.citytrafik.nu\/index.php?page=hboka\">\u00c4ngelholm<\/a><\/strong><\/td>\n<td><\/td>\n<\/tr>\n<tr>\n<td>Datum<\/td>\n<td>Tid<\/td>\n<\/tr>\n<tr>\n<td nowrap=\"nowrap\">2023-01-16<\/td>\n<td nowrap=\"nowrap\">17:00-20:30<\/td>\n<\/tr>\n<tr>\n<td nowrap=\"nowrap\">2023-01-30<\/td>\n<td nowrap=\"nowrap\">17:00-20:30<\/td>\n<\/tr>\n<tr>\n<td nowrap=\"nowrap\"><\/td>\n<td nowrap=\"nowrap\"><b><a href=\"http:\/\/www.citytrafik.nu\/index.php?page=hboka\">boka h\u00e4r! \u00bb<\/a><\/b><\/td>\n<\/tr>\n<\/tbody>\n<\/table>\n<table border=\"0\" cellpadding=\"3\">\n<tbody>\n<tr>\n<td><strong><a href=\"http:\/\/www.citytrafik.nu\/index.php?page=ohboka\">\u00d6rkelljunga<\/a><\/strong><\/td>\n<td><\/td>\n<\/tr>\n<tr>\n<td>Datum<\/td>\n<td>Tid<\/td>\n<\/tr>\n<tr>\n<td nowrap=\"nowrap\"><\/td>\n<td nowrap=\"nowrap\"><b><a href=\"http:\/\/www.citytrafik.nu\/index.php?page=ohboka\">boka h\u00e4r! \u00bb<\/a><\/b><\/td>\n<\/tr>\n<\/tbody>\n<\/table>\n<\/div>\n\t\t<\/div><div class=\"widget_text tt-block-aside widget\" id=\"text-23\">\t\t\t<div class=\"textwidget\"><h3 class=\"widget-title\">Boka Risk 1:an<\/h3>\n<table border=\"0\" cellpadding=\"3\">\n<tbody>\n<tr>\n<td><strong><a href=\"http:\/\/www.citytrafik.nu\/index.php?page=risk1bilboka\">\u00c4ngelholm<\/a><\/strong><\/td>\n<td><\/td>\n<\/tr>\n<tr>\n<td nowrap=\"nowrap\">2022-12-16<\/td>\n<td nowrap=\"nowrap\">09:00-12:30<\/td>\n<\/tr>\n<tr>\n<td nowrap=\"nowrap\">2023-01-13<\/td>\n<td nowrap=\"nowrap\">09:00-12:30<\/td>\n<\/tr>\n<tr>\n<td nowrap=\"nowrap\"><\/td>\n<td nowrap=\"nowrap\"><b><a href=\"http:\/\/www.citytrafik.nu\/index.php?page=risk1bilboka\">boka h\u00e4r!\u00bb<\/a><\/b><\/td>\n<\/tr>\n<\/tbody>\n<\/table>\n<p>&nbsp;<\/p>\n<\/div>\n\t\t<\/div><div class=\"widget_text tt-block-aside widget\" id=\"text-25\">\t\t\t<div class=\"textwidget\"><h3 class=\"widget-title\">Elevcentralen<\/h3>\n<p>Sv\u00e5rt att passa in trafikskolans \u00f6ppettider?<br \/>\n<strong>Nu kan du g\u00f6ra STRs teoritester hemma!<\/strong><\/p>\n<p><a href=\"http:\/\/www.elevcentralen.se\/\" target=\"_blank\" rel=\"noopener\"><strong>G\u00e5 till Elevcentralen \u00bb<\/strong><\/a><\/p>\n<\/div>\n\t\t<\/div><div class=\"widget_text tt-block-aside widget\" id=\"text-26\">\t\t\t<div class=\"textwidget\"><h3 class=\"widget-title\">Viktig information<\/h3>\n<p><strong>Avbokning av k\u00f6rlektion ska ske via personlig kontakt under v\u00e5ra \u00f6ppettider.<\/strong><\/p>\n<p>Avbokning skall ske senast arbetsdagen innan och f\u00f6re kl. 14,00 f\u00f6r att slippa debitering.<\/p>\n<p>Avbokning samma dag pga sjukdom skall den kunna styrkas av l\u00e4rare, arbetsgivare eller v\u00e5rdcentral.<\/p>\n<p>Intyg skall l\u00e4mnas inom 5 dagar fr\u00e5n sjuktillf\u00e4llet med kontaktuppgifter fr\u00e5n intygsgivaren<\/p>\n<\/div>\n\t\t<\/div>\t\t\t\t<\/div>\n\t\t\t\t<\/div>\n\t\t\t\t\t<\/div>\n\t\t<\/div>\n\t\t\t\t\t<\/div>\n\t\t<\/section>\n\t\t\t\t<\/div>\n\t\t","protected":false},"excerpt":{"rendered":"<p>Handledare m\u00e5ste vara minst 24 \u00e5r och elever minst 15 \u00e5r och 9 m\u00e5nader f\u00f6r att f\u00e5 genomf\u00f6ra utbildningen.\u00a0Men \u00f6vningsk\u00f6rningen f\u00e5r p\u00e5b\u00f6rjas fr\u00e5n 16 \u00e5rs \u00e5lder. Kravet p\u00e5\u00a0introduktionsutbildning vid privat \u00f6vningsk\u00f6rning m\u00e5ste\u00a0inte\u00a0l\u00e4ngre genomf\u00f6ras av eleven och handledaren samtidigt. Elev och handledare kan g\u00e5 utbildningen var f\u00f6r sig.Den som redan har g\u00e5tt en introduktionsutbildning beh\u00f6ver inte [&hellip;]<\/p>\n","protected":false},"author":2,"featured_media":0,"parent":0,"menu_order":0,"comment_status":"closed","ping_status":"closed","template":"","meta":{"footnotes":""},"class_list":["post-2822","page","type-page","status-publish","hentry"],"_links":{"self":[{"href":"https:\/\/www.citytrafik.nu\/cityWP\/wp-json\/wp\/v2\/pages\/2822","targetHints":{"allow":["GET"]}}],"collection":[{"href":"https:\/\/www.citytrafik.nu\/cityWP\/wp-json\/wp\/v2\/pages"}],"about":[{"href":"https:\/\/www.citytrafik.nu\/cityWP\/wp-json\/wp\/v2\/types\/page"}],"author":[{"embeddable":true,"href":"https:\/\/www.citytrafik.nu\/cityWP\/wp-json\/wp\/v2\/users\/2"}],"replies":[{"embeddable":true,"href":"https:\/\/www.citytrafik.nu\/cityWP\/wp-json\/wp\/v2\/comments?post=2822"}],"version-history":[{"count":29,"href":"https:\/\/www.citytrafik.nu\/cityWP\/wp-json\/wp\/v2\/pages\/2822\/revisions"}],"predecessor-version":[{"id":4013,"href":"https:\/\/www.citytrafik.nu\/cityWP\/wp-json\/wp\/v2\/pages\/2822\/revisions\/4013"}],"wp:attachment":[{"href":"https:\/\/www.citytrafik.nu\/cityWP\/wp-json\/wp\/v2\/media?parent=2822"}],"curies":[{"name":"wp","href":"https:\/\/api.w.org\/{rel}","templated":true}]}}